{"id":378,"date":"2019-08-25T14:26:19","date_gmt":"2019-08-25T12:26:19","guid":{"rendered":"https:\/\/websites.fraunhofer.de\/suskult\/?page_id=378"},"modified":"2025-02-05T16:19:11","modified_gmt":"2025-02-05T15:19:11","slug":"teilprojekt-1","status":"publish","type":"page","link":"https:\/\/suskult.de\/index.php\/teilprojekt-1\/","title":{"rendered":"FP1 &#8211; TP1 NEWtrient\u00ae-Center"},"content":{"rendered":"<style type=\"text\/css\"> \n#cmsms_row_69fb289e2b15f .cmsms_row_outer_parent { \n\tpadding-top: 0px; \n} \n\n#cmsms_row_69fb289e2b15f .cmsms_row_outer_parent { \n\tpadding-bottom: 50px; \n} \n\n \n#cmsms_divider_69fb289e2b1d5 { \n\tpadding-top:50px; \n\tmargin-bottom:50px; \n} \n \n#cmsms_heading_69fb289e2b1e7, #cmsms_heading_69fb289e2b1e7 a { \n\tfont-weight:400; \n\tfont-style:normal; \n\tmargin-top:0px; \n\tmargin-bottom:20px; \n} \n<\/style><div id=\"cmsms_row_69fb289e2b15f\" class=\"cmsms_row cmsms_color_scheme_default\">\n<div class=\"cmsms_row_outer_parent\">\n<div class=\"cmsms_row_outer\">\n<div class=\"cmsms_row_inner\">\n<div class=\"cmsms_row_margin\">\n<div class=\"cmsms_column one_first\">\n<div id=\"cmsms_divider_69fb289e2b1d5\" class=\"cl\"><\/div>\n<h1 id=\"cmsms_heading_69fb289e2b1e7\" class=\"cmsms_heading\">F\u00f6rderphase 1 \u2502 Teilprojekt 1 NEWtrient\u00ae-Center<\/h1><div class=\"cmsms_text\">\n<p>Unter der Leitung der <a href=\"https:\/\/suskult.de\/index.php\/ueber-uns\/\">TU Kaiserslautern<\/a> sieht das Teilprojekt 1 die schrittweise Umstrukturierung gegenw\u00e4rtiger Kl\u00e4ranlagen von einer reinen Abwasserbehandlungsanlage hin zu einem Ressourcenlieferanten (\u00bbNEWtrient\u00ae-Center\u00ab) vor. Hierzu werden m\u00f6gliche Synergien und auch Ausschlusskriterien f\u00fcr die Integration des neu entwickelten Systems in bestehende Kl\u00e4ranlagen eruiert und Anpassungsstrategien f\u00fcr die kontinuierliche Implementierung entwickelt.<br \/>\nGemeinsam mit der Emschergenossenschaft K. \u00f6. R und dem Ruhrverband identifiziert die Technische Universit\u00e4t auf Basis dieser Erkenntnisse Ressourcenpotenziale auf Kl\u00e4ranlagen und entwickelt verschiedene Strategien und Konzepte f\u00fcr eine integrierte Breitstellung und Nutzung der Ressourcen.<\/p>\n<p>Um das neue Agrarsystem in Kl\u00e4ranlagen integrieren zu k\u00f6nnen, ist ein grundlegendes Umdenken auf Seiten der Kl\u00e4ranlagen(betreiber) erforderlich. Au\u00dferdem m\u00fcssen dynamische, bedarfsgerechte und automatische Prozesssteuerungen erarbeitet werden. Das Deutsche Forschungszentrum f\u00fcr k\u00fcnstliche Intelligenz GmbH (DFKI) entwickelt daher im Rahmen des Teilprojekts 1 die Grundlagen f\u00fcr eine vorausschauende (pr\u00e4diktive) Prozessf\u00fchrung auf Basis von Methoden des maschinellen Lernens.<\/p>\n<\/div>\n<\/div>\n<div class=\"cmsms_column one_first\">\n<\/div>\n<div class=\"cmsms_column one_first\">\n<\/div>\n<\/div>\n<\/div>\n<\/div>\n<\/div>\n<\/div>\n\n","protected":false},"excerpt":{"rendered":"","protected":false},"author":5,"featured_media":0,"parent":0,"menu_order":0,"comment_status":"closed","ping_status":"closed","template":"","meta":{"footnotes":""},"class_list":["post-378","page","type-page","status-publish","hentry"],"_links":{"self":[{"href":"https:\/\/suskult.de\/index.php\/wp-json\/wp\/v2\/pages\/378","targetHints":{"allow":["GET"]}}],"collection":[{"href":"https:\/\/suskult.de\/index.php\/wp-json\/wp\/v2\/pages"}],"about":[{"href":"https:\/\/suskult.de\/index.php\/wp-json\/wp\/v2\/types\/page"}],"author":[{"embeddable":true,"href":"https:\/\/suskult.de\/index.php\/wp-json\/wp\/v2\/users\/5"}],"replies":[{"embeddable":true,"href":"https:\/\/suskult.de\/index.php\/wp-json\/wp\/v2\/comments?post=378"}],"version-history":[{"count":16,"href":"https:\/\/suskult.de\/index.php\/wp-json\/wp\/v2\/pages\/378\/revisions"}],"predecessor-version":[{"id":1807,"href":"https:\/\/suskult.de\/index.php\/wp-json\/wp\/v2\/pages\/378\/revisions\/1807"}],"wp:attachment":[{"href":"https:\/\/suskult.de\/index.php\/wp-json\/wp\/v2\/media?parent=378"}],"curies":[{"name":"wp","href":"https:\/\/api.w.org\/{rel}","templated":true}]}}